{"id":237,"date":"2021-12-31T16:28:02","date_gmt":"2021-12-31T19:28:02","guid":{"rendered":"https:\/\/articomusic.com\/?page_id=237"},"modified":"2021-12-31T17:18:02","modified_gmt":"2021-12-31T20:18:02","slug":"bare-knuckle-hummingbird-pre-save","status":"publish","type":"page","link":"https:\/\/articomusic.com\/index.php\/bare-knuckle-hummingbird-pre-save\/","title":{"rendered":"BARE KNUCKLE &#8211; &#8220;hummingbird&#8221; &#8211; Pr\u00e9-Save"},"content":{"rendered":"\n<p style=\"font-size:25px\">Obrigado pelo PR\u00c9-SAVE! <\/p>\n\n\n\n<p><\/p>\n\n\n\n<p style=\"font-size:25px\">Voc\u00ea ganhou o cupom de 10% de desconto na loja da Artico Music:<\/p>\n\n\n\n<p class=\"has-large-font-size\">BAREKNUCKLE10<\/p>\n\n\n\n<p class=\"has-medium-font-size\"><a href=\"http:\/\/www.articoshop.com.br\" target=\"_blank\" rel=\"noreferrer noopener\">http:\/\/www.articoshop.com.br<\/a><\/p>\n\n\n\n<p style=\"font-size:25px\">Enquanto esse lan\u00e7amento n\u00e3o chega, confira uma playlist om os \u00faltimo lan\u00e7amentos da Artico Music<\/p>\n\n\n\n<iframe src=\"https:\/\/open.spotify.com\/embed\/playlist\/6tkOvknjZLM2yVP6ADJfPE?utm_source=generator\" width=\"100%\" height=\"380\" frameBorder=\"0\" allowfullscreen=\"\" allow=\"autoplay; clipboard-write; encrypted-media; fullscreen; picture-in-picture\"><\/iframe>\n\n\n\n<!-- Facebook Pixel Code -->\n<script>\n!function(f,b,e,v,n,t,s)\n{if(f.fbq)return;n=f.fbq=function(){n.callMethod?\nn.callMethod.apply(n,arguments):n.queue.push(arguments)};\nif(!f._fbq)f._fbq=n;n.push=n;n.loaded=!0;n.version='2.0';\nn.queue=[];t=b.createElement(e);t.async=!0;\nt.src=v;s=b.getElementsByTagName(e)[0];\ns.parentNode.insertBefore(t,s)}(window, document,'script',\n'https:\/\/connect.facebook.net\/en_US\/fbevents.js');\nfbq('init', '919396222157865');\nfbq('track', 'PageView');\n<\/script>\n<noscript><img loading=\"lazy\" height=\"1\" width=\"1\" style=\"display:none\" src=\"https:\/\/www.facebook.com\/tr?id=919396222157865&amp;ev=PageView&amp;noscript=1\"><\/noscript>\n<!-- End Facebook Pixel Code -->\n\n\n\n<p><\/p>\n","protected":false},"excerpt":{"rendered":"<p>Obrigado pelo PR\u00c9-SAVE! Voc\u00ea ganhou o cupom de 10% de desconto na loja da Artico Music: BAREKNUCKLE10 http:\/\/www.articoshop.com.br Enquanto esse lan\u00e7amento n\u00e3o chega, confira uma playlist<span class=\"excerpt-hellip\"> [\u2026]<\/span><\/p>\n","protected":false},"author":1,"featured_media":0,"parent":0,"menu_order":0,"comment_status":"closed","ping_status":"closed","template":"","meta":[],"_links":{"self":[{"href":"https:\/\/articomusic.com\/index.php\/wp-json\/wp\/v2\/pages\/237"}],"collection":[{"href":"https:\/\/articomusic.com\/index.php\/wp-json\/wp\/v2\/pages"}],"about":[{"href":"https:\/\/articomusic.com\/index.php\/wp-json\/wp\/v2\/types\/page"}],"author":[{"embeddable":true,"href":"https:\/\/articomusic.com\/index.php\/wp-json\/wp\/v2\/users\/1"}],"replies":[{"embeddable":true,"href":"https:\/\/articomusic.com\/index.php\/wp-json\/wp\/v2\/comments?post=237"}],"version-history":[{"count":4,"href":"https:\/\/articomusic.com\/index.php\/wp-json\/wp\/v2\/pages\/237\/revisions"}],"predecessor-version":[{"id":243,"href":"https:\/\/articomusic.com\/index.php\/wp-json\/wp\/v2\/pages\/237\/revisions\/243"}],"wp:attachment":[{"href":"https:\/\/articomusic.com\/index.php\/wp-json\/wp\/v2\/media?parent=237"}],"curies":[{"name":"wp","href":"https:\/\/api.w.org\/{rel}","templated":true}]}}